 divided by 4?
3
What is the remainder when 3431 is divided by 851?
27
Calculate the remainder when 57 is divided by 31.
26
What is the remainder when 1547 is divided by 18?
17
What is the remainder when 439 is divided by 34?
31
What is the remainder when 417 is divided by 60?
57
What is the remainder when 587 is divided by 6?
5
What is the remainder when 2983 is divided by 974?
61
What is the remainder when 256 is divided by 52?
48
What is the remainder when 479 is divided by 15?
14
Calculate the remainder when 523 is divided by 181.
161
Calculate the remainder when 4099 is divided by 585.
4
Calculate the remainder when 136 is divided by 7.
3
What is the remainder when 621 is divided by 52?
49
What is the remainder when 998 is divided by 27?
26
What is the remainder when 263 is divided by 40?
23
Calculate the remainder when 34269 is divided by 51.
48
Calculate the remainder when 1207 is divided by 13.
11
Calculate the remainder when 211 is divided by 199.
12
Calculate the remainder when 4220 is divided by 21.
20
Calculate the remainder when 251 is divided by 21.
20
What is the remainder when 3996 is divided by 444?
0
Calculate the remainder when 33 is divided by 6.
3
Calculate the remainder when 894 is divided by 16.
14
What is the remainder when 153 is divided by 5?
3
What is the remainder when 6408 is divided by 28?
24
Calculate the remainder when 51 is divided by 19.
13
What is the remainder when 24 is divided by 9?
6
What is the remainder when 66 is divided by 57?
9
What is the remainder when 2174 is divided by 33?
29
What is the remainder when 611 is divided by 51?
50
What is the remainder when 292 is divided by 201?
91
What is the remainder when 2601 is divided by 16?
9
What is the remainder when 185 is divided by 21?
17
Calculate the remainder when 15788 is divided by 14.
10
Calculate the remainder when 2131 is divided by 164.
163
Calculate the remainder when 910 is divided by 227.
2
What is the remainder when 140 is divided by 14?
0
Calculate the remainder when 267 is divided by 34.
29
What is the remainder when 75 is divided by 13?
10
Calculate the remainder when 303 is divided by 59.
8
Calculate the remainder when 75 is divided by 38.
37
What is the remainder when 412 is divided by 78?
22
Calculate the remainder when 114 is divided by 30.
24
What is the remainder when 2008 is divided by 15?
13
Calculate the remainder when 717 is divided by 56.
45
Calculate the remainder when 94 is divided by 14.
10
Calculate the remainder when 257 is divided by 86.
85
What is the remainder when 88 is divided by 31?
26
Calculate the remainder when 39 is divided by 14.
11
Calculate the remainder when 3745 is divided by 33.
16
Calculate the remainder when 67 is divided by 31.
5
What is the remainder when 72 is divided by 33?
6
What is the remainder when 8851 is divided by 55?
51
What is the remainder when 374 is divided by 75?
74
What is the remainder when 555 is divided by 110?
5
Calculate the remainder when 359 is divided by 37.
26
Calculate the remainder when 2059 is divided by 134.
49
Calculate the remainder when 1060 is divided by 275.
235
What is the remainder when 2844 is divided by 1?
0
Calculate the remainder when 1340 is divided by 299.
144
What is the remainder when 101 is divided by 83?
18
Calculate the remainder when 92 is divided by 48.
44
Calculate the remainder when 265 is divided by 38.
37
Calculate the remainder when 478 is divided by 16.
14
What is the remainder when 343 is divided by 88?
79
Calculate the remainder when 69 is divided by 5.
4
Calculate the remainder when 1035 is divided by 68.
15
Calculate the remainder when 265 is divided by 32.
9
Calculate the remainder when 256 is divided by 37.
34
Calculate the remainder when 684 is divided by 69.
63
Calculate the remainder when 727 is divided by 125.
102
What is the remainder when 394 is divided by 9?
7
What is the remainder when 3356 is divided by 35?
31
What is the remainder when 466 is divided by 78?
76
What is the remainder when 105 is divided by 56?
49
What is the remainder when 106 is divided by 56?
50
Calculate the remainder when 103 is divided by 8.
7
What is the remainder when 28 is divided by 6?
4
What is the remainder when 4079 is divided by 34?
33
What is the remainder when 23 is divided by 23?
0
What is the remainder when 194 is divided by 27?
5
What is the remainder when 744 is divided by 8?
0
Calculate the remainder when 15478 is divided by 10.
8
Calculate the remainder when 24 is divided by 19.
5
What is the remainder when 348 is divided by 164?
20
What is the remainder when 1369 is divided by 448?
25
Calculate the remainder when 85 is divided by 22.
19
Calculate the remainder when 41 is divided by 16.
9
Calculate the remainder when 375 is divided by 101.
72
What is the remainder when 730 is divided by 238?
16
What is the remainder when 1046 is divided by 5?
1
What is the remainder when 306 is divided by 103?
100
What is the remainder when 43 is divided by 14?
1
What is the remainder when 242 is divided by 231?
11
Calculate the remainder when 941 is divided by 454.
33
What is the remainder when 493 is divided by 245?
3
What is the remainder when 207 is divided by 24?
15
Calculate the remainder when 217 is divided by 15.
7
Calculate the remainder when 514 is divided by 47.
44
Calculate the remainder when 237 is divided by 10.
7
What is the remainder when 141 is divided by 6?
3
What is the remainder when 213 is divided by 12?
9
Calculate the remainder when 1237 is divided by 158.
131
What is the remainder when 146 is divided by 38?
32
Calculate the remainder when 84 is divided by 12.
0
Calculate the remainder when 418 is divided by 29.
12
Calculate the remainder when 4564 is divided by 33.
10
Calculate the remainder when 67 is divided by 40.
27
What is the remainder when 263 is divided by 19?
16
What is the remainder when 217 is divided by 60?
37
What is the remainder when 33 is divided by 19?
14
Calculate the remainder when 256 is divided by 37.
34
Calculate the remainder when 922 is divided by 12.
10
Calculate the remainder when 3838 is divided by 128.
126
What is the remainder when 1962 is divided by 131?
128
Calculate the remainder when 150 is divided by 33.
18
Calculate the remainder when 1515 is divided by 31.
27
Calculate the remainder when 29 is divided by 3.
2
What is the remainder when 92659 is divided by 20?
19
What is the remainder when 275 is divided by 272?
3
What is the remainder when 2697 is divided by 382?
23
Calculate the remainder when 642 is divided by 35.
12
What is the remainder when 120 is divided by 94?
26
Calculate the remainder when 2757 is divided by 48.
21
What is the remainder when 509 is divided by 190?
129
Calculate the remainder when 38 is divided by 20.
18
What is the remainder when 522 is divided by 98?
32
Calculate the remainder when 1726 is divided by 143.
10
What is the remainder when 158 is divided by 10?
8
Calculate the remainder when 274 is divided by 35.
29
What is the remainder when 151 is divided by 23?
13
What is the remainder when 2836 is divided by 18?
10
What is the remainder when 79 is divided by 8?
7
What is the remainder when 8218 is divided by 21?
7
Calculate the remainder when 881 is divided by 288.
17
Calculate the remainder when 112 is divided by 57.
55
What is the remainder when 103 is divided by 21?
19
Calculate the remainder when 1475 is divided by 174.
83
What is the remainder when 326 is divided by 47?
44
Calculate the remainder when 5475 is divided by 11.
8
Calculate the remainder when 60 is divided by 31.
29
What is the remainder when 3054 is divided by 191?
189
Calculate the remainder when 265 is divided by 81.
22
What is the remainder when 4086 is divided by 4065?
21
Calculate the remainder when 213 is divided by 48.
21
What is the remainder when 9512 is divided by 39?
35
Calculate the remainder when 675 is divided by 38.
29
What is the remainder when 1484 is divided by 24?
20
What is the remainder when 238 is divided by 82?
74
Calculate the remainder when 3306 is divided by 183.
12
Calculate the remainder when 6695 is divided by 100.
95
What is the remainder when 236 is divided by 34?
32
Calculate the remainder when 531 is divided by 38.
37
What is the remainder when 6549 is divided by 285?
279
Cal